9?
8
Suppose k - 37 = -0*k. Calculate the remainder when k is divided by 13.
11
Let h = 71 - 40. Calculate the remainder when h is divided by 11.
9
Let i(t) = 3*t**2 + 11*t - 1. Let u be i(-5). Let r = u + -13. Calculate the remainder when 21 is divided by r.
3
Let y = 60 - 41. Calculate the remainder when (-20)/(-5)*y/2 is divided by 13.
12
Let a(l) = 2*l**2 + l. Calculate the remainder when a(-2) is divided by 3.
0
Let r = 0 - -28. Let d = -20 + r. Calculate the remainder when 14 is divided by d.
6
Let g = 776 + -765. What is the remainder when (104/(-10))/((-1)/5) is divided by g?
8
Let f(j) = j + 3. Let b be f(3). Suppose u - b = -u. What is the remainder when 5 is divided by u?
2
Let z = 40 + 1. Calculate the remainder when z is divided by 11.
8
Suppose 0 = 2*s - 8 - 4. Suppose -f = d - 15, 0*d + 2*f = -3*d + 40. Calculate the remainder when d is divided by s.
4
Suppose -4*o = -4*t + 8, 3*o - 2*t + 0*t = -5. Let p = o - -1. Suppose -5 = -p*y - y. What is the remainder when 14 is divided by y?
4
Suppose 4*l = -0*k - 4*k + 48, 24 = 4*l - 2*k. Suppose -3*q = -d - 66, 4*d = 2*q + l - 62. What is the remainder when q is divided by 8?
5
Let w(r) = r**3 + 24*r**2 - 28*r - 23. Calculate the remainder when w(-25) is divided by 23.
6
Let g(c) = -c + 4. Suppose -a + 0*a = -21. Calculate the remainder when (-2)/(1 + 1) + a is divided by g(-7).
9
Suppose 0 = -6*a + 3*a + 24. Suppose 2*j = 2 + a. Suppose 4*k + 0*k - 32 = n, 3*k + j*n = 1. Calculate the remainder when k is divided by 4.
3
Suppose a = -a - 5*f + 10, 56 = 5*a - 3*f. What is the remainder when 18 is divided by a?
8
Let w(p) = p**2 + 2*p - 1. Let k be w(1). Let d = -2 + k. Suppose d*m = -3*m + 27. What is the remainder when 25 is divided by m?
7
Let d = -8 - -20. Suppose -d = -f - 7. Calculate the remainder when (-2)/(-4) - (-15)/2 is divided by f.
3
Suppose 3*f - f + y - 258 = 0, y = -4*f + 516. Suppose 3*g - f = -15. What is the remainder when g is divided by 20?
18
Let q(u) = 42*u**2 - 2*u + 1. Calculate the remainder when q(1) is divided by 11.
8
Calculate the remainder when -17 + 13 + 31 + 1 is divided by 10.
8
Suppose 5*b - 4 + 9 = 0. What is the remainder when (0 - -1)/(2/66) is divided by b*(-17 - 0/1)?
16
Suppose 5*a = -2*h + 14, 2*h = -2*a + a + 14. Let i = 1 + h. What is the remainder when i is divided by 5?
3
Let d(s) = -s**2 + 10*s + 5. Let i be d(10). Suppose -2*p + 6 = -0*p - i*w, 3*p - 5*w - 9 = 0. What is the remainder when 7 is divided by p?
1
Suppose 6 = h + h. Let c = -7 + 10. Suppose 3*z - c*a = 5*z - 20, 10 = z + h*a. What is the remainder when 28 is divided by z?
8
Suppose 3*r = -2*c + 66, -2*c - 4*r + 6*r = -66. Calculate the remainder when 131 is divided by c.
32
Suppose g = 5*q + 602, -3*q = -2*q + 3*g + 114. Let r be q/28 + 4/14. What is the remainder when (-18)/(-2) - (r - -1) is divided by 7?
5
Let k(f) = -f**3 - 7*f**2 - 7*f + 11. What is the remainder when k(-6) is divided by 5?
2
Let u(k) = -k - 3. Let p be u(-6). Suppose 5*a - 15 = -p*v + 29, 2*a + 2*v = 16. What is the remainder when 39 is divided by a?
9
Suppose 5*p - 103 = -28. Calculate the remainder when 134 is divided by p.
14
What is the remainder when 14 is divided by (-3)/(14/(-16) + (-5)/(-10))?
6
What is the remainder when (2/6)/((-3)/(-27)) is divided by 3?
0
Suppose 63*t = 62*t + 33. What is the remainder when t is divided by 5?
3
Suppose 3*c + 8 = 4*c. Let y = c + -6. Calculate the remainder when 5 is divided by y.
1
Let m = 105 - 95. Let x be 2/(-6) + 20/(-3). Let u = x + m. Calculate the remainder when 7 is divided by u.
1
Let m(i) = -i**3 + 8*i**2 + 8*i + 9. Let q be m(9). Suppose q = t + 2*t + 21. Calculate the remainder when (t/2)/(3/(-24)) is divided by 15.
13
Let s(l) = 45*l**3 + 4*l**2 - 3*l + 4. Let v(n) = -44*n**3 - 3*n**2 + 2*n - 3. Let a(g) = -4*s(g) - 5*v(g). Calculate the remainder when a(1) is divided by 14.
12
Let m = 43 + -7. Let f(a) = a**2 - 3*a. Let z be f(4). Suppose -m = n - z*n. Calculate the remainder when n is divided by 5.
2
Suppose -5*q + 76 = 21. Suppose -6*f + f = -30. Calculate the remainder when q is divided by f.
5
Suppose 2*q + 2 = 3*q. Suppose -t = q*m, 0 = 4*t + t + m - 18. Let i = 39 + -28. Calculate the remainder when i is divided by t.
3
Let l = -2 - -7. Suppose 2*x - 2*h - 16 = -2*x, -3*x + l*h = 2. Let v = 9 - x. Calculate the remainder when v is divided by 2.
1
Suppose -14 = -2*d + 30. Suppose -5*w = -21 - 39. Calculate the remainder when d is divided by w.
10
Let c = 65 - 36. Suppose 5*d + 14 = -6. What is the remainder when c is divided by (1 + d)/((-6)/20)?
9
Let w(x) = x**2 + 4. Calculate the remainder when w(-8) is divided by 23.
22
Suppose 88 = 5*j - j. Let a = j - 9. What is the remainder when 25 is divided by a?
12
Let q = -23 + 33. Let d(o) = o**2 + 4*o. Calculate the remainder when d(-6) is divided by 75/q - (-2)/(-4).
5
Suppose 0 = 4*x - x - 42. Calculate the remainder when x is divided by 5.
4
Suppose -2*o - 3*j + 3 = 3*o, -14 = 2*o + 5*j. Suppose -o*u - 13 - 11 = 0. Calculate the remainder when (u/(-5))/(6/165) is divided by 15.
14
Let k(g) = 13*g**2 - 3*g - 2. What is the remainder when 39 is divided by k(-1)?
11
Let i be 0*(3/(-6) + 1). Suppose -u = 4*w - w - 121, i = -2*u + 8. Calculate the remainder when w is divided by 14.
11
Let s(t) = -13*t. Let o = -1 - 1. Let f be s(o). Suppose m + 5 + 1 = -2*v, -5*m = -4*v - f. What is the remainder when m is divided by 1?
0
Suppose 5*d = -5, 0*x - 2*x + 42 = 4*d. What is the remainder when x is divided by 9?
5
Suppose -3*n = 2*n. Let h(v) = -v + 11. What is the remainder when 31 is divided by h(n)?
9
Let b(q) = 2*q**2 + 3*q + 6. Let l be 4/10 - (-22)/(-5). Calculate the remainder when b(l) is divided by 9.
8
Suppose 4*j + 6 = 3*j. Let b = 6 - j. Let q = 70 + -36. What is the remainder when q is divided by b?
10
Let o(c) = 17*c**2 - c + 1. Let g be o(2). Let m = -35 + g. Calculate the remainder when m is divided by 11.
10
Let m(g) = g**2 - g - 4. Let a be m(3). Suppose 39 = y + a. Suppose 5*c - y = -5*r + 23, c - 14 = r. What is the remainder when 24 is divided by c?
11
Let y(h) = h**2 - h. Let z be y(2). Let m = 41 + -37. Suppose j = -4*k + 49, m*k + 3*j = -z*j + 53. What is the remainder when 34 is divided by k?
10
Let y = 76 + -43. Let m = y - -7. Calculate the remainder when m is divided by 43/3 - 3/9.
12
Let b(o) = -o**3 - 7*o**2 - 12. Let g = -270 - -128. Calculate the remainder when b(-8) is divided by g/(-8) + (-1)/(-4).
16
Let v be (-4)/26 - (-966)/26. Suppose -v = -3*b + 35. What is the remainder when 70 is divided by b?
22
Suppose h = 3*h - 50. Let n = h + -12. What is the remainder when 5/((-15)/18) - -44 is divided by n?
12
Let x(a) = -11*a**3 + a**2 - 1. Suppose -4*z - 5*j + 2 = 6, 3 = -3*z - 5*j. Let t = 15 + -11. What is the remainder when x(z) is divided by t?
3
Let p = 91 + -47. Suppose t - 8 = p. Calculate the remainder when t is divided by 18.
16
Suppose 0 = -2*x, -5*x - 222 = -3*f - x. What is the remainder when f is divided by 21?
11
What is the remainder when 18 is divided by (-34)/(-4) + 42/(-28)?
4
Suppose -a = -5*a. Suppose -4*i + 10 + 34 = a. Suppose i = -z + 2*z. Calculate the remainder when z is divided by 6.
5
Suppose -2*q - y + 7 = -1, -2*y = 8. Let k(b) = b - 5. Let i be k(q). Calculate the remainder when i + 9/(3 - 0) is divided by 3.
1
Suppose 0*u - 18 = -2*u. What is the remainder when 33 is divided by u?
6
Suppose -4*q + 24 = 4*q. What is the remainder when 8 is divided by q?
2
Let h = 8 - 3. Let m(z) = 2*z**2 - 3. Suppose -2*j + 17 = -3*a, -2*j - a - 13 = -50. What is the remainder when m(h) is divided by j?
15
Suppose l + 16 + 4 = y, -2*y + 3*l = -43. Let b(q) = -q**3 - 10*q**2 - 9*q + 6. Let h be (9/(-4))/(6/24). What is the remainder when y is divided by b(h)?
5
Let h(a) be the first derivative of a**4/4 - 10*a**3/3 - 4*a**2 + a + 8. Calculate the remainder when 100 is divided by h(11).
32
Let m be (-3 - -2)/((-1)/3). Suppose -5*n = b + b - 8, -3*n + 9 = -3*b. What is the remainder when 19 is divided by 11 + (b*m)/3?
9
Let x = -27 - -8. Let j = x + 33. What is the remainder when 53 is divided by j?
11
Suppose -2*k + 7 + 5 = 0. What is the remainder when k is divided by 3?
0
Let c be (-2 + 5)*(-2 - 3). Let n = c + 29. Let q = 7 + -2. What is the remainder